5, 317
List the prime factors of 2239.
2239
List the prime factors of 40268.
2, 10067
List the prime factors of 679.
7, 97
What are the prime factors of 96?
2, 3
What are the prime factors of 18006?
2, 3, 3001
What are the prime factors of 2745?
3, 5, 61
List the prime factors of 34057.
34057
List the prime factors of 2928.
2, 3, 61
What are the prime factors of 73074?
2, 3, 19, 641
List the prime factors of 4037.
11, 367
What are the prime factors of 2271?
3, 757
List the prime factors of 136.
2, 17
List the prime factors of 3364.
2, 29
What are the prime factors of 26406?
2, 3, 163
What are the prime factors of 22597?
59, 383
What are the prime factors of 2785?
5, 557
What are the prime factors of 2156?
2, 7, 11
List the prime factors of 27797.
7, 11, 19
What are the prime factors of 113186?
2, 17, 3329
List the prime factors of 3411.
3, 379
What are the prime factors of 1483?
1483
List the prime factors of 9110.
2, 5, 911
What are the prime factors of 136783?
43, 3181
List the prime factors of 112.
2, 7
List the prime factors of 79.
79
What are the prime factors of 92660?
2, 5, 41, 113
What are the prime factors of 514?
2, 257
What are the prime factors of 23314?
2, 11657
List the prime factors of 13157.
59, 223
What are the prime factors of 36734?
2, 18367
What are the prime factors of 22723?
31, 733
List the prime factors of 4972.
2, 11, 113
What are the prime factors of 30534?
2, 3, 7, 727
List the prime factors of 60.
2, 3, 5
List the prime factors of 63016.
2, 7877
What are the prime factors of 16171?
103, 157
What are the prime factors of 87132?
2, 3, 53, 137
What are the prime factors of 29483?
29483
What are the prime factors of 74499?
3, 19, 1307
List the prime factors of 1281.
3, 7, 61
What are the prime factors of 2336?
2, 73
What are the prime factors of 14826?
2, 3, 7, 353
What are the prime factors of 15609?
3, 11, 43
What are the prime factors of 3605?
5, 7, 103
List the prime factors of 1814.
2, 907
What are the prime factors of 96298?
2, 89, 541
What are the prime factors of 29554?
2, 7, 2111
List the prime factors of 1677.
3, 13, 43
What are the prime factors of 1760?
2, 5, 11
List the prime factors of 1066.
2, 13, 41
What are the prime factors of 455?
5, 7, 13
What are the prime factors of 839?
839
What are the prime factors of 1018?
2, 509
List the prime factors of 823.
823
List the prime factors of 33833.
23, 1471
List the prime factors of 11169.
3, 17, 73
List the prime factors of 275.
5, 11
List the prime factors of 6291.
3, 233
What are the prime factors of 2402?
2, 1201
What are the prime factors of 2533?
17, 149
List the prime factors of 51267.
3, 23, 743
List the prime factors of 6262.
2, 31, 101
List the prime factors of 680.
2, 5, 17
What are the prime factors of 5328?
2, 3, 37
List the prime factors of 5900.
2, 5, 59
List the prime factors of 2669.
17, 157
What are the prime factors of 11158?
2, 7, 797
What are the prime factors of 8768?
2, 137
List the prime factors of 819.
3, 7, 13
What are the prime factors of 879?
3, 293
List the prime factors of 75229.
7, 11, 977
List the prime factors of 164.
2, 41
What are the prime factors of 1463?
7, 11, 19
What are the prime factors of 89477?
89477
What are the prime factors of 5954?
2, 13, 229
What are the prime factors of 9673?
17, 569
What are the prime factors of 8824?
2, 1103
List the prime factors of 93295.
5, 47, 397
List the prime factors of 4202.
2, 11, 191
What are the prime factors of 616?
2, 7, 11
What are the prime factors of 4212?
2, 3, 13
What are the prime factors of 62637?
3, 20879
List the prime factors of 254.
2, 127
What are the prime factors of 2324?
2, 7, 83
List the prime factors of 1818.
2, 3, 101
List the prime factors of 4093.
4093
What are the prime factors of 95555?
5, 29, 659
List the prime factors of 14507.
89, 163
What are the prime factors of 8525?
5, 11, 31
What are the prime factors of 25433?
29, 877
What are the prime factors of 1979?
1979
List the prime factors of 15566.
2, 43, 181
List the prime factors of 6464.
2, 101
List the prime factors of 493.
17, 29
What are the prime factors of 76834?
2, 41, 937
What are the prime factors of 161635?
5, 32327
List the prime factors of 95187.
3, 31729
List the prime factors of 60206.
2, 30103
List the prime factors of 5958.
2, 3, 331
What are the prime factors of 120917?
120917
What are the prime factors of 12409?
12409
List the prime factors of 87483.
3, 11, 241
List the prime factors of 1541.
23, 67
What are the prime factors of 60110?
2, 5, 6011
What are the prime factors of 1494?
2, 3, 83
List the prime factors of 4327.
4327
List the prime factors of 118644.
2, 3, 9887
List the prime factors of 2731.
2731
List the prime factors of 926.
2, 463
List the prime factors of 2762.
2, 1381
What are the prime factors of 84675?
3, 5, 1129
What are the prime factors of 15917?
11, 1447
What are the prime factors of 78815?
5, 11, 1433
List the prime factors of 1357.
23, 59
What are the prime factors of 50905?
5, 10181
What are the prime factors of 1615?
5, 17, 19
What are the prime factors of 30272?
2, 11, 43
List the prime factors of 6590.
2, 5, 659
List the prime factors of 1269.
3, 47
What are the prime factors of 6981?
3, 13, 179
List the prime factors of 58796.
2, 14699
List the prime factors of 845.
5, 13
List the prime factors of 1097.
1097
List the prime factors of 22986.
2, 3, 1277
List the prime factors of 8526.
2, 3, 7, 29
List the prime factors of 1245.
3, 5, 83
List the prime factors of 9245.
5, 43
List the prime factors of 15928.
2, 11, 181
List the prime factors of 85.
5, 17
What are the prime factors of 76777?
76777
List the prime factors of 1105.
5, 13, 17
What are the prime factors of 688?
2, 43
List the prime factors of 1185.
3, 5, 79
List the prime factors of 52385.
5, 10477
What are the prime factors of 8062?
2, 29, 139
What are the prime factors of 88962?
2, 3, 14827
What are the prime factors of 107685?
3, 5, 2393
What are the prime factors of 23198?
2, 7, 1657
List the prime factors of 11999.
13, 71
What are the prime factors of 1023?
3, 11, 31
What are the prime factors of 42384?
2, 3, 883
What are the prime factors of 335?
5, 67
List the prime factors of 1284.
2, 3, 107
What are the prime factors of 8433?
3, 937
What are the prime factors of 119?
7, 17
List the prime factors of 766.
2, 383
What are the prime factors of 340?
2, 5, 17
List the prime factors of 1721.
1721
What are the prime factors of 1289?
1289
What are the prime factors of 1452?
2, 3, 11
What are the prime factors of 27025?
5, 23, 47
List the prime factors of 4404.
2, 3, 367
What are the prime factors of 11566?
2, 5783
What are the prime factors of 4803?
3, 1601
What are the prime factors of 1399?
1399
List the prime factors of 1581.
3, 17, 31
List the prime factors of 68.
2, 17
List the prime factors of 4686.
2, 3, 11, 71
List the prime factors of 17643.
3, 5881
List the prime factors of 529.
23
What are the prime factors of 57?
3, 19
List the prime factors of 3155.
5, 631
List the prime factors of 4360.
2, 5, 109
What are the prime factors of 32342?
2, 103, 157
What are the prime factors of 4758?
2, 3, 13, 61
List the prime factors of 81855.
3, 5, 17, 107
List the prime factors of 7756.
2, 7, 277
List the prime factors of 3124.
2, 11, 71
List the prime factors of 2795.
5, 13, 43
List the prime factors of 26422.
2, 11, 1201
What are the prime factors of 494?
2, 13, 19
What are the prime factors of 1365?
3, 5, 7, 13
What are the prime factors of 1475?
5, 59
What are the prime factors of 43601?
59, 739
List the prime factors of 1846.
2, 13, 71
What are the prime factors of 97618?
2, 48809
What are the prime factors of 76474?
2, 38237
List the prime factors of 60476.
2, 13, 1163
List the prime factors of 3302.
2, 13, 127
List the prime factors of 18233.
18233
What are the prime factors of 8100?
2, 3, 5
What are the prime factors of 8421?
3, 7, 401
List the prime factors of 154934.
2, 13, 59, 101
What are the prime factors of 13471?
19, 709
What are the prime factors of 874?
2, 19, 23
List the prime factors of 540.
2, 3, 5
What are the prime factors of 1651?
13, 127
List the prime factors of 807.
3, 269
What are the prime factors of 3744?
2, 3, 13
What are the prime factors of 53975?
5, 17, 127
List the prim